{"id":32,"date":"2024-02-07T21:30:52","date_gmt":"2024-02-07T20:30:52","guid":{"rendered":"https:\/\/anim-etho.fr\/?page_id=32"},"modified":"2024-05-08T10:40:00","modified_gmt":"2024-05-08T08:40:00","slug":"qui-suis-je","status":"publish","type":"page","link":"https:\/\/anim-etho.fr\/index.php\/qui-suis-je\/","title":{"rendered":"M\u00e9lanie RAYMOND &#8211; Comportementaliste et \u00e9ducatrice canin et f\u00e9lin en Haute Loire."},"content":{"rendered":"\n<p>Bonjour, je m\u2019appelle M\u00e9lanie Raymond. En tant que comportementaliste, mon objectif est d\u2019aider les propri\u00e9taires d\u2019animaux \u00e0 comprendre les comportements de leurs compagnons et r\u00e9soudre les probl\u00e8mes de comportement qui peuvent survenir. Je travaille en \u00e9troite collaboration avec les propri\u00e9taires pour mettre en place des strat\u00e9gies adapt\u00e9es \u00e0 chaque situation, en prenant compte les besoins et les sp\u00e9cificit\u00e9s de chaque animal.\u00a0<\/p>\n\n\n\n<p>En ce qui concerne les techniques d\u2019\u00e9ducation et de r\u00e9\u00e9ducation, je me base principalement sur le bien-\u00eatre animal, le renforcement positif et la compr\u00e9hension de votre animal. Je crois fermement qu\u2019une approche positive est la cl\u00e9 pour \u00e9tablir une relation de confiance avec votre compagnon et favoriser son apprentissage ou sa r\u00e9\u00e9ducation.&nbsp;<\/p>\n\n\n\n<p>Concernant mes formations, et mes lectures vous pourrez les retrouver ci-dessous :&nbsp;<\/p>\n\n\n\n<p>J\u2019ai r\u00e9alis\u00e9 de nombreuses formations et suivi de nombreux cours :&nbsp;<\/p>\n\n\n\n<ul class=\"wp-block-list\">\n<li>Master en \u00e9thologie \u00e0 Saint Etienne (bac + 5)<\/li>\n\n\n\n<li>Moniteur en \u00e9ducation canine<\/li>\n\n\n\n<li>Moniteur d\u2019agility<\/li>\n\n\n\n<li>Moniteur d\u2019Hopper<\/li>\n\n\n\n<li>Moniteur de canicross<\/li>\n\n\n\n<li>Formation sur la proprioception<\/li>\n\n\n\n<li>Formation de premier secours canins<\/li>\n\n\n\n<li>ACACED<\/li>\n\n\n\n<li>Formation de comportementaliste Animho<\/li>\n\n\n\n<li>Mission rappel cynotopia<\/li>\n\n\n\n<li>D\u00e9clic et des chiens &#8211; Relax Max<\/li>\n\n\n\n<li>Dog emotion and cognition &#8211; Duke University<\/li>\n<\/ul>\n","protected":false},"excerpt":{"rendered":"<p>Bonjour, je m\u2019appelle M\u00e9lanie Raymond. En tant que comportementaliste, mon objectif est d\u2019aider les propri\u00e9taires d\u2019animaux \u00e0 comprendre les comportements de leurs compagnons et r\u00e9soudre les probl\u00e8mes de comportement qui peuvent survenir. Je travaille en \u00e9troite collaboration avec les propri\u00e9taires pour mettre en place des strat\u00e9gies adapt\u00e9es \u00e0 chaque situation, en prenant compte les besoins [&hellip;]<\/p>\n","protected":false},"author":1,"featured_media":62,"parent":0,"menu_order":0,"comment_status":"closed","ping_status":"closed","template":"","meta":{"footnotes":""},"class_list":["post-32","page","type-page","status-publish","has-post-thumbnail","hentry"],"_links":{"self":[{"href":"https:\/\/anim-etho.fr\/index.php\/wp-json\/wp\/v2\/pages\/32","targetHints":{"allow":["GET"]}}],"collection":[{"href":"https:\/\/anim-etho.fr\/index.php\/wp-json\/wp\/v2\/pages"}],"about":[{"href":"https:\/\/anim-etho.fr\/index.php\/wp-json\/wp\/v2\/types\/page"}],"author":[{"embeddable":true,"href":"https:\/\/anim-etho.fr\/index.php\/wp-json\/wp\/v2\/users\/1"}],"replies":[{"embeddable":true,"href":"https:\/\/anim-etho.fr\/index.php\/wp-json\/wp\/v2\/comments?post=32"}],"version-history":[{"count":4,"href":"https:\/\/anim-etho.fr\/index.php\/wp-json\/wp\/v2\/pages\/32\/revisions"}],"predecessor-version":[{"id":112,"href":"https:\/\/anim-etho.fr\/index.php\/wp-json\/wp\/v2\/pages\/32\/revisions\/112"}],"wp:featuredmedia":[{"embeddable":true,"href":"https:\/\/anim-etho.fr\/index.php\/wp-json\/wp\/v2\/media\/62"}],"wp:attachment":[{"href":"https:\/\/anim-etho.fr\/index.php\/wp-json\/wp\/v2\/media?parent=32"}],"curies":[{"name":"wp","href":"https:\/\/api.w.org\/{rel}","templated":true}]}}